7. Determine p(-11).
-7
Let k(i) = 6*i - 29. Calculate k(3).
-11
Let i(h) = h**2 + 4*h - 32. Give i(-8).
0
Let k(a) = 6*a**3 + 2*a**2 - 4*a + 3. Calculate k(1).
7
Let g(v) = 3*v - 109. Give g(35).
-4
Let b(u) = 2*u**2 - 32*u - 32. Calculate b(17).
2
Let s(f) = -f**3 - 4*f**2 + 8*f + 16. Determine s(-6).
40
Let x(s) = -s**3 + 2*s + 15. Give x(3).
-6
Let v(z) = 3*z**2 - 10*z - 5. Give v(4).
3
Let m(y) = -50*y + 1344. Give m(27).
-6
Let k(n) = 9*n - 192. Determine k(22).
6
Let g(n) = -3*n**2 + 1. Calculate g(2).
-11
Let h(l) = l**3 - 2*l**2 + 4*l - 1. What is h(3)?
20
Let r(l) = -l**2 + 15*l + 5. Give r(15).
5
Let h(z) = -z - 16. What is h(-9)?
-7
Let z(s) = 3*s**2 - 35. Give z(-6).
73
Let t(i) = i**3 - 8*i**2 - 2*i + 7. Calculate t(8).
-9
Let z(q) = -q**3 + 3*q**2 + 10*q. What is z(5)?
0
Let r(s) = s**2 + 9*s + 15. What is r(-8)?
7
Let h(d) = d - 5. What is h(-13)?
-18
Let t(j) = 3*j + 30. Give t(-8).
6
Let f(x) = -2*x**2 - 17*x - 29. Determine f(-4).
7
Let q(t) = 3*t**3 - 3*t**2 - t + 4. What is q(3)?
55
Let i(m) = -2*m**2 - 8*m + 3. Calculate i(-4).
3
Let l(z) = -z**3 - 16*z**2 - 30*z - 31. What is l(-14)?
-3
Let g(l) = l**2 - 19*l - 30. What is g(15)?
-90
Let y(a) = -3*a + 5. Calculate y(5).
-10
Let n(t) = 19*t - 58. Calculate n(3).
-1
Let i(b) = -b - 5. Calculate i(0).
-5
Let x(h) = 67*h - 462. Determine x(7).
7
Let c(q) = -q**2 - 12*q - 22. Calculate c(-9).
5
Let a(q) = 4*q - 11. What is a(-8)?
-43
Let n(j) = -j**3 - 28*j**2 + 34*j + 152. Give n(-29).
7
Let n(u) = -2*u**2 + 2*u + 12. Calculate n(6).
-48
Let a(s) = -s**2 + 11*s - 17. What is a(9)?
1
Let y(u) = -39*u + 160. Determine y(5).
-35
Let a(u) = u**3 - 6*u**2 - 23*u + 152. What is a(6)?
14
Let r(f) = 5*f - 92. Determine r(21).
13
Let x(y) = y**2 - 25*y + 84. Determine x(20).
-16
Let w(r) = r**3 + 6*r**2 - 23*r - 111. Calculate w(-7).
1
Let v(h) = -h**2 - 4*h + 90. What is v(-13)?
-27
Let i(g) = -g + 17. What is i(2)?
15
Let t(x) = -x + 14. Give t(3).
11
Let m(x) = -x**2 + 13*x - 9. Give m(7).
33
Let g(m) = -m**3 - 21*m**2 - 21*m + 45. What is g(-20)?
65
Let y(m) = m - 5. Determine y(-6).
-11
Let z(h) = 4*h - 8. What is z(-6)?
-32
Let k(s) = -5*s + 8. What is k(4)?
-12
Let v(x) = -8*x + 20. Give v(7).
-36
Let b(a) = -3*a - 38. Determine b(-18).
16
Let g(b) = -15*b + 110. Calculate g(9).
-25
Let a(f) = -f**3 - 37*f**2 - 68*f + 46. What is a(-35)?
-24
Let w(i) = -i**3 - 22*i**2 + 20*i - 68. What is w(-23)?
1
Let v(h) = -h**3 - 2*h**2 + h + 4. Determine v(3).
-38
Let m(b) = 2*b - 26. Calculate m(9).
-8
Let s(o) = -o**2 + 8*o + 7. Calculate s(7).
14
Let t(o) = -3*o**2 - 23*o + 24. Calculate t(1).
-2
Let b(c) = -7*c - 33. Give b(-4).
-5
Let x(g) = g**2 + 6*g - 44. Calculate x(7).
47
Let r(g) = g**3 + 8*g**2 + 2*g + 15. What is r(-6)?
75
Let i(q) = q**2 + q + 1. Calculate i(-2).
3
Let v(r) = r**3 + 2*r**2 - 3*r - 3. Give v(-3).
-3
Let d(s) = s**3 - 11*s**2 - 3*s + 49. Determine d(11).
16
Let d(i) = -22*i - 33. Determine d(-2).
11
Let c(w) = 2*w + 25. What is c(-8)?
9
Let j(o) = -o**2 - 3*o. Determine j(-4).
-4
Let h(m) = m**3 + 8*m**2 - 22*m - 19. Give h(-10).
1
Let y(c) = -2*c**3 - 22*c**2 - 12*c + 9. What is y(-11)?
141
Let f(s) = -s + 14. Calculate f(27).
-13
Let q(b) = -9*b - 93. What is q(-13)?
24
Let y(b) = 26*b + 5. Give y(-2).
-47
Let u(x) = x**3 - 10*x**2 - 10*x - 3. Determine u(11).
8
Let s(c) = c**3 - 15*c**2 - 32*c - 34. What is s(17)?
0
Let o(g) = -3*g - 7. Give o(-5).
8
Let s(v) = -2*v**2 - 9*v + 18. Calculate s(-6).
0
Let b(t) = -2*t**2 - 7*t + 3. Give b(-6).
-27
Let y(h) = h - 13. Calculate y(9).
-4
Let b(g) = g**2 + 4*g - 2. Give b(-4).
-2
Let n(a) = -a**2 + 5*a + 9. Give n(-2).
-5
Let l(t) = 5*t - 63. Give l(13).
2
Let l(r) = -r**2 + 10*r + 73. Give l(15).
-2
Let l(g) = -g**2 + 15*g - 8. What is l(11)?
36
Let z(s) = -2*s - 8. Give z(7).
-22
Let x(s) = -s**3 - 7*s**2 - 5*s + 1. Calculate x(-6).
-5
Let h(d) = -d**2 + 20*d + 178. Determine h(25).
53
Let n(x) = -2*x - 69. Give n(-32).
-5
Let m(o) = -o**2 - o - 6. Determine m(-3).
-12
Let i(u) = 6*u**2 - 3*u + 26. Determine i(5).
161
Let j(f) = -f + 16. Give j(-1).
17
Let w(p) = -p**3 + 4*p**2 + 7*p - 9. Give w(4).
19
Let s(l) = -10*l**2 - 3*l - 3. What is s(-2)?
-37
Let f(d) = d**3 - 13*d**2 - 15*d + 19. Determine f(14).
5
Let s(x) = x**3 - 45*x**2 - 11*x + 499. Give s(45).
4
Let h(b) = b**2 + b - 2. What is h(2)?
4
Let v(s) = -s**3 + 3*s - 2. Give v(-3).
16
Let i(d) = -17*d - 176. Calculate i(-10).
-6
Let n(t) = t**3 - 8*t**2 - 16*t + 120. What is n(8)?
-8
Let z(s) = -3*s**3 - 6*s**2 + 2*s + 7. Give z(-3).
28
Let d(q) = -2*q + 26. Calculate d(6).
14
Let d(q) = -q**2 + 7*q + 10. Give d(9).
-8
Let d(p) = 23*p - 175. Calculate d(8).
9
Let b(n) = 6*n - 106. What is b(24)?
38
Let u(l) = -l**2 + 3*l + 2. What is u(4)?
-2
Let d(t) = -2*t**2 - 11*t - 15. What is d(-7)?
-36
Let n(b) = b**2 + 14*b + 18. Give n(-13).
5
Let s(i) = 4*i + 16. Determine s(-17).
-52
Let p(j) = -j**2 + 7*j - 4. Determine p(2).
6
Let p(u) = -u**3 + 10*u**2 + 12*u - 1. Give p(11).
10
Let b(j) = -j**3 - 10*j**2 - 9*j - 11. Determine b(-7).
-95
Let l(x) = x**3 - x**2 - x + 67. Give l(0).
67
Let r(a) = a**2 - 6*a - 9. Give r(7).
-2
Let n(c) = c**3 + 7*c**2 - 26*c + 8. Give n(-9).
80
Let m(l) = -l**2 - 2*l + 2. What is m(1)?
-1
Let i(y) = -y**3 - 11*y**2 - 10*y - 13. What is i(-10)?
-13
Let w(z) = 10*z + 19. What is w(-14)?
-121
Let v(o) = -o**3 + 22*o**2 - 22*o + 43. What is v(21)?
22
Let r(t) = t**3 + 10*t**2 + 27*t - 6. Determine r(-5).
-16
Let l(a) = -3*a**3 + 6*a**2 - 3*a + 2. Give l(2).
-4
Let z(f) = -8*f + 2. Determine z(-3).
26
Let m(y) = 3*y - 22. Calculate m(10).
8
Let s(q) = -q**3 - 2*q**2 + 5*q + 7. Determine s(-4).
19
Let v(b) = 7*b - 53. Calculate v(7).
-4
Let r(j) = -3*j - 62. Determine r(-23).
7
Let k(u) = u**3 - 10*u**2 + 3*u + 1. What is k(9)?
-53
Let z(s) = -s**2 + s - 5. Give z(0).
-5
Let g(f) = f**3 - 13*f**2 + 32*f + 6. Give g(9).
-30
Let k(g) = 39*g - 68. What is k(4)?
88
Let o(y) = y**3 - 7*y**2 + 6*y - 6. Calculate o(6).
-6
Let n(q) = 2*q**2 - 66*q + 459. What is n(23)?
-1
Let m(a) = 12*a + 121. What is m(-10)?
1
Let v(q) = -q**2 - 22*q - 29. What is v(-21)?
-8
Let c(i) = 2*i**2 + 30*i + 108. Calculate c(-8).
-4
Let f(g) = g - 117. Determine f(22).
-95
Let w(i) = -6*i + 58. Calculate w(11).
-8
Let p(d) = -9*d - 6. Give p(-3).
21
Let m(p) = -p**3 + 29*p**2 - 3. Calculate m(29).
-3
Let z(v) = -v**3 - 29*v**2 - 28*v - 25. Give z(-28).
-25
Let a(l) = l**3 + 2*l**2 + 2*l + 13. Give a(-3).
-2
Let g(w) = 5*w + 22. Calculate g(5).
47
Let a(s) = 7*s**3 - 6*s**2 + 4*s - 4. What is a(1)?
1
Let a(l) = l**2 + 2. Calculate a(4).
18
Let p(h) = -2*h**2. Give p(-3).
-18
Let p(b) = -2*b**2 + 7*b + 128. Determine p(10).
-2
Let z(u) = 3*u**2 - 3*u + 1. Determine z(0).
1
Let i(p) = 33*p**3 + 1. Determine i(-1).
-32
Let h(w) = 19*w**3 + w**2 + 2*w + 1. Calculate h(-1).
-19
Let d(w) = 2*w**2 - 2*w + 57. What is d(0)?
57
Let l(i) = i**3 + 10*i**2 + 8*i + 22. Calculate l(-10).
-58
Let p(l) = -l**2 + 25*l - 24. Determine p(11).
130
Let w(r) = -r**3 + 5*r**2 + 8*r - 45. Determine w(5).
-5
Let r(a) = -a**2 + 30*a + 39. Calculate r(32).
-25
Let y(a) = a**2 + 3*a - 8. Calculate y(4).
20
Let r(o) = -136*o + 1230. Determine r(9).
6
Let w(o) = -4*o**3 + o**2 + 2*o + 1. Give w(2).
-23
Let d(m) = 2*m - 9. Calculate d(8).
7
Let t(a) = -2*a - 12. Calculate t(-5).
-2
Let l(t) = -2*t**2 + 39*t - 13. Give l(19).
6
Let o(c) = 49*c**2 - 2*c + 1. What is o(1)?
48
Let v(p) = p**3 + 11*p**2 + 2*p + 1. What is v(-11)?
-21
Let k(b) = -b**2 - 8*b - 9. Give k(-5).
6
Let p(c) = 4*c - 15. Give p(5).
5
Let k(v) = -3*v**2 - 39*v - 9. Determine k(-12).
27
Let y(z) = -2*z**3 - 9*z**2 + 2*z - 6. Determine y(-5).
9
Let q(b) = b**2 + 28*b + 178. What is q(-10)?
-2
Let x(v) = v**2 - 3*v - 8. Determine x(7).
20
Let o(p) = 9*p**2. What is o(-1)?
9
Let f(o) = 4*o + 11. Determine f(-3).
-1
Let b(z) = -8*z - 48. Determine b(-6).
0
Let n(t) = -t**3 - 34*t**2 - 129*t - 30. Determine n(-4).
6
Let l(r) = -5*r**2 + 3*r + 13. Determine l(-4).
-79
Let j(p) = 10*p. Calculate j(3).
30
Let c(l) = 2*l - 81. Calculate c(28).
-25
Let m(q) = q**3 + 8*q**2 - 16. What is m(-7)?
33
Let f(t) = t**2 + 4*t - 90. What is f(7)?
-13
Let x(h) = -h**2 + 4*h + 4. Calculate x(-2).
-8
Let k(w) = w**2 - 6*w + 2. What is k(7)?
